{"id":109,"date":"2013-04-07T14:42:53","date_gmt":"2013-04-07T14:42:53","guid":{"rendered":"http:\/\/www.infantedonfelipe.es\/contenido\/?page_id=109"},"modified":"2013-04-07T14:42:53","modified_gmt":"2013-04-07T14:42:53","slug":"carta-de-convivencia","status":"publish","type":"page","link":"https:\/\/www.infantedonfelipe.es\/contenido\/carta-de-convivencia\/","title":{"rendered":"Carta de Convivencia"},"content":{"rendered":"<p align=\"center\">\n<p>La comunidad educativa del Colegio \u201cInfante Don Felipe\u201d de Daimiel tiene como compromiso el trabajo conjunto a favor de la formaci\u00f3n de los alumnos seg\u00fan los principios educativos definidos en el Proyecto Educativo del Centro, en v\u00edas a conseguir que todos los ni\u00f1os y ni\u00f1as se desarrollen como personas, de acuerdo con sus aptitudes e intereses, y en todas sus facetas: emocional, cultural, social, educativa, corporal, actitudinal y creativa.<\/p>\n<p>En referencia a la convivencia perseguimos los siguientes principios:<\/p>\n<ul>\n<li>Desarrollar actitudes de colaboraci\u00f3n, solidaridad, comprensi\u00f3n, ayuda, valoraci\u00f3n, respeto y participaci\u00f3n en la vida social, de forma democr\u00e1tica.<\/li>\n<li>Buscar cauces y situaciones para que todos (padres, madres, maestras, maestros, alumnos y alumnas), puedan reflexionar para mejorar el trabajo y las relaciones diarias.<\/li>\n<li>Fomentar situaciones en las que todos los alumnos y alumnas se sientan integrados y \u00fatiles a la comunidad escolar.<\/li>\n<li>Contribuir a que existan buenas relaciones e interacciones entre las distintas personas que forman la comunidad escolar.<\/li>\n<\/ul>\n<p>Para colaborar en la consecuci\u00f3n de estos principios adquirimos los siguientes compromisos:<\/p>\n<ul>\n<li>Las familias nos comprometemos a ayudar y colaborar con el profesorado en la ejecuci\u00f3n de un proceso educativo unitario; respetaremos al resto de la comunidad educativa, con especial atenci\u00f3n a la figura de la maestra o maestro y el reconocimiento de su autoridad legal y moral; con nuestro ejemplo y nuestra educaci\u00f3n ense\u00f1aremos a nuestros hijos a respetar tambi\u00e9n a sus compa\u00f1eros y profesores.<\/li>\n<li>Los profesores nos comprometemos a formar a los alumnos y alumnas en los principios de convivencia expl\u00edcitos en esta carta; a orientarles en la resoluci\u00f3n dialogada de conflictos; a ejercer nuestra capacidad mediadora con un criterio objetivo, equitativo y justo; a promover un entorno favorable para las relaciones positivas; a no transgredir la autoridad formativa de los padres.<\/li>\n<li>Los alumnos y alumnas nos comprometemos a respetar a nuestros padres y profesores, atendiendo puntualmente sus orientaciones y correcciones; a respetar a nuestros compa\u00f1eros y compa\u00f1eras sin discriminaci\u00f3n, sin atentar contra su intimidad e integridad; a utilizar el di\u00e1logo como instrumento de resoluci\u00f3n de conflictos; a pedir la mediaci\u00f3n de los profesores y profesoras cuando no encontremos soluci\u00f3n dialogada; a promover un entorno favorable para la convivencia positiva.<\/li>\n<\/ul>\n<p>La comunidad educativa se compromete a cumplir las normas de convivencia, organizaci\u00f3n y funcionamiento, que aprobadas en el Consejo Escolar por nuestros representantes, tienen vocaci\u00f3n de ser un instrumento para crear un clima de convivencia favorable y resolver los conflictos que pudieran producirse.<\/p>\n<p>El Colegio \u201cInfante Don Felipe\u201d se inspira en la tradici\u00f3n de varias d\u00e9cadas de cursos escolares de formaci\u00f3n de alumnos y alumnas. Una tradici\u00f3n de la que se sienten orgullosos los antiguos alumnos y alumnas que se formaron en estas aulas; los padres que pretenden para sus hijos los mejores valores que ellos recibieron; los profesores que desarrollaron aqu\u00ed su vocaci\u00f3n docente y los que en la actualidad han recibido su legado; y, por \u00faltimo, los propios alumnos y alumnas, que curso a curso adem\u00e1s adquieren la conciencia de lo importante que es \u201cEl Infante\u201d en sus vidas y crecen en el compromiso para mantenerlo en el nivel de exigencia que debe tener para todos.<\/p>\n<p>Con la firma de la presente Carta de Convivencia, los representantes de la Comunidad Escolar nos comprometemos a seguir esforz\u00e1ndonos diariamente, con nuestra conducta y ejemplo, para que \u201cEl Infante\u201d siga siendo un espacio com\u00fan de convivencia del que todos nos sigamos sintiendo orgullosos.<\/p>\n<p><strong>\u00a0<\/strong><\/p>\n","protected":false},"excerpt":{"rendered":"<p>La comunidad educativa del Colegio \u201cInfante Don Felipe\u201d de Daimiel tiene como compromiso el trabajo conjunto a favor de la formaci\u00f3n de los alumnos seg\u00fan los principios educativos definidos en el Proyecto Educativo del Centro, en v\u00edas a conseguir que todos los ni\u00f1os y ni\u00f1as se desarrollen como personas, de acuerdo con sus aptitudes e [&hellip;]<\/p>\n","protected":false},"author":1,"featured_media":0,"parent":0,"menu_order":0,"comment_status":"open","ping_status":"open","template":"","meta":{"footnotes":""},"_links":{"self":[{"href":"https:\/\/www.infantedonfelipe.es\/contenido\/wp-json\/wp\/v2\/pages\/109"}],"collection":[{"href":"https:\/\/www.infantedonfelipe.es\/contenido\/wp-json\/wp\/v2\/pages"}],"about":[{"href":"https:\/\/www.infantedonfelipe.es\/contenido\/wp-json\/wp\/v2\/types\/page"}],"author":[{"embeddable":true,"href":"https:\/\/www.infantedonfelipe.es\/contenido\/wp-json\/wp\/v2\/users\/1"}],"replies":[{"embeddable":true,"href":"https:\/\/www.infantedonfelipe.es\/contenido\/wp-json\/wp\/v2\/comments?post=109"}],"version-history":[{"count":2,"href":"https:\/\/www.infantedonfelipe.es\/contenido\/wp-json\/wp\/v2\/pages\/109\/revisions"}],"predecessor-version":[{"id":111,"href":"https:\/\/www.infantedonfelipe.es\/contenido\/wp-json\/wp\/v2\/pages\/109\/revisions\/111"}],"wp:attachment":[{"href":"https:\/\/www.infantedonfelipe.es\/contenido\/wp-json\/wp\/v2\/media?parent=109"}],"curies":[{"name":"wp","href":"https:\/\/api.w.org\/{rel}","templated":true}]}}