{"id":112,"date":"2013-04-07T14:44:09","date_gmt":"2013-04-07T14:44:09","guid":{"rendered":"http:\/\/www.infantedonfelipe.es\/contenido\/?page_id=112"},"modified":"2023-11-22T18:12:38","modified_gmt":"2023-11-22T18:12:38","slug":"historia-del-colegio-infante-don-felipe","status":"publish","type":"page","link":"https:\/\/www.infantedonfelipe.es\/contenido\/historia-del-colegio-infante-don-felipe\/","title":{"rendered":"Historia del Colegio \u00abInfante Don Felipe\u00bb"},"content":{"rendered":"<p>Nuestro colegio fue inaugurado en el Curso Escolar 1971-1972, constando de tres edificios: el de nueva construcci\u00f3n y los dos aularios externos al recinto, pero muy pr\u00f3ximos, que conformaban la llamada Escuela \u201cMotilla\u201d, y que integraron el Colegio Nacional Mixto n\u00ba 2. Ya en abril de 1971 el Pleno Municipal acord\u00f3 por unanimidad el nombre de \u201cInfante Don Felipe\u201d, pero no puede utilizar esta denominaci\u00f3n que mantiene en la actualidad hasta que meses m\u00e1s tarde la Casa del Pr\u00edncipe autoriza la propuesta del Ayuntamiento de Daimiel. Posteriormente se construir\u00e1 un aulario de Ed. Infantil, dentro del recinto; y en el curso 1988-1989 un nuevo aulario, m\u00e1s alejado, que dos a\u00f1os despu\u00e9s se segregar\u00e1, dando lugar al Colegio \u201cAlbuera\u201d. En la actualidad nuestro colegio est\u00e1 formado por las dos edificaciones que comparten el recinto.<\/p>\n<p>Desde aquel lejano curso inaugural han sido muchas las generaciones de daimiele\u00f1os y daimiele\u00f1as que han pasado por sus aulas, comenzando la escolarizaci\u00f3n con los alumnos que cursaban 1\u00ba a 5\u00ba de E.G.B., en clases segregadas por sexo, e incorporando cada a\u00f1o los siguientes cursos de 6\u00ba, 7\u00ba y 8\u00ba de E.G.B. que ya tuvieron car\u00e1cter mixto. Y todos ellos se encontraron con unas instalaciones amplias, modernas, bien iluminadas, y con servicios como comedor escolar, biblioteca, vestuarios, talleres y conserjer\u00eda, lo que supon\u00eda algo novedoso por entonces. Incluso en el Curso 1988-1989 se integra en el Plan Experimental de Integraci\u00f3n para alumnos con deficiencias mot\u00f3ricas, y se crea el Gabinete de Apoyo Psiciedag\u00f3gico y de Orientaci\u00f3n Educativa, en unos a\u00f1os en los que se alcanzan los 1200 alumnos en nuestro centro.<\/p>\n<p>En el Curso 2021-2022 celebramos el 50\u00ba Aniversario de nuestro Centro, en el que juntamos a distintas promociones de alumnos, y contamos conla\u00a0 presencia de antiguos directores y maestros que dejaron huella en nuestra historia y que han ido dando forma, en estas d\u00e9cadas, a lo que hoy en d\u00eda es nuestro Infante, un colegio que ha ido incorporando en este tiempo los nuevos avances legislativos, pedag\u00f3gicos y materiales para dar una ense\u00f1anza de calidad e innovadora, de la mano de una formaci\u00f3n exhaustiva y volcada en la mejora de los docentes y su alumnado, y que este mismo curso ha culminado con la obtenci\u00f3n del sello STEAM.<\/p>\n<p>Son muchos los docentes que han dado lo mejor de s\u00ed en todos esos a\u00f1os; tambi\u00e9n el personal no docente, que ha dejado su impronta; y varios miles los alumnos que han encontrado en el Infante su espacio para formarse y crecer como personas, y que luego, muchos de ellos, han sido padres y madres de nuevos alumnos que han confiado en nosotros para el desarrollo intelectual y afectivo de sus hijos. Todos son la memoria viva de nuestra historia.<\/p>\n","protected":false},"excerpt":{"rendered":"<p>Nuestro colegio fue inaugurado en el Curso Escolar 1971-1972, constando de tres edificios: el de nueva construcci\u00f3n y los dos aularios externos al recinto, pero muy pr\u00f3ximos, que conformaban la llamada Escuela \u201cMotilla\u201d, y que integraron el Colegio Nacional Mixto n\u00ba 2. Ya en abril de 1971 el Pleno Municipal acord\u00f3 por unanimidad el nombre [&hellip;]<\/p>\n","protected":false},"author":1,"featured_media":0,"parent":0,"menu_order":0,"comment_status":"open","ping_status":"open","template":"","meta":{"footnotes":""},"_links":{"self":[{"href":"https:\/\/www.infantedonfelipe.es\/contenido\/wp-json\/wp\/v2\/pages\/112"}],"collection":[{"href":"https:\/\/www.infantedonfelipe.es\/contenido\/wp-json\/wp\/v2\/pages"}],"about":[{"href":"https:\/\/www.infantedonfelipe.es\/contenido\/wp-json\/wp\/v2\/types\/page"}],"author":[{"embeddable":true,"href":"https:\/\/www.infantedonfelipe.es\/contenido\/wp-json\/wp\/v2\/users\/1"}],"replies":[{"embeddable":true,"href":"https:\/\/www.infantedonfelipe.es\/contenido\/wp-json\/wp\/v2\/comments?post=112"}],"version-history":[{"count":6,"href":"https:\/\/www.infantedonfelipe.es\/contenido\/wp-json\/wp\/v2\/pages\/112\/revisions"}],"predecessor-version":[{"id":16884,"href":"https:\/\/www.infantedonfelipe.es\/contenido\/wp-json\/wp\/v2\/pages\/112\/revisions\/16884"}],"wp:attachment":[{"href":"https:\/\/www.infantedonfelipe.es\/contenido\/wp-json\/wp\/v2\/media?parent=112"}],"curies":[{"name":"wp","href":"https:\/\/api.w.org\/{rel}","templated":true}]}}

<p>Nuestro colegio fue inaugurado en el Curso Escolar 1971-1972, constando de tres edificios: el de nueva construcción y los dos aularios externos al recinto, pero muy próximos, que conformaban la llamada Escuela “Motilla”, y que integraron el Colegio Nacional Mixto nº 2. Ya en abril de 1971 el Pleno Municipal acordó por unanimidad el nombre de “Infante Don Felipe”, pero no puede utilizar esta denominación que mantiene en la actualidad hasta que meses más tarde la Casa del Príncipe autoriza la propuesta del Ayuntamiento de Daimiel. Posteriormente se construirá un aulario de Ed. Infantil, dentro del recinto; y en el curso 1988-1989 un nuevo aulario, más alejado, que dos años después se segregará, dando lugar al Colegio “Albuera”. En la actualidad nuestro colegio está formado por las dos edificaciones que comparten el recinto.</p>
<p>Desde aquel lejano curso inaugural han sido muchas las generaciones de daimieleños y daimieleñas que han pasado por sus aulas, comenzando la escolarización con los alumnos que cursaban 1º a 5º de E.G.B., en clases segregadas por sexo, e incorporando cada año los siguientes cursos de 6º, 7º y 8º de E.G.B. que ya tuvieron carácter mixto. Y todos ellos se encontraron con unas instalaciones amplias, modernas, bien iluminadas, y con servicios como comedor escolar, biblioteca, vestuarios, talleres y conserjería, lo que suponía algo novedoso por entonces. Incluso en el Curso 1988-1989 se integra en el Plan Experimental de Integración para alumnos con deficiencias motóricas, y se crea el Gabinete de Apoyo Psiciedagógico y de Orientación Educativa, en unos años en los que se alcanzan los 1200 alumnos en nuestro centro.</p>
<p>En el Curso 2021-2022 celebramos el 50º Aniversario de nuestro Centro, en el que juntamos a distintas promociones de alumnos, y contamos conla  presencia de antiguos directores y maestros que dejaron huella en nuestra historia y que han ido dando forma, en estas décadas, a lo que hoy en día es nuestro Infante, un colegio que ha ido incorporando en este tiempo los nuevos avances legislativos, pedagógicos y materiales para dar una enseñanza de calidad e innovadora, de la mano de una formación exhaustiva y volcada en la mejora de los docentes y su alumnado, y que este mismo curso ha culminado con la obtención del sello STEAM.</p>
<p>Son muchos los docentes que han dado lo mejor de sí en todos esos años; también el personal no docente, que ha dejado su impronta; y varios miles los alumnos que han encontrado en el Infante su espacio para formarse y crecer como personas, y que luego, muchos de ellos, han sido padres y madres de nuevos alumnos que han confiado en nosotros para el desarrollo intelectual y afectivo de sus hijos. Todos son la memoria viva de nuestra historia.</p>

<p>Nuestro colegio fue inaugurado en el Curso Escolar 1971-1972, constando de tres edificios: el de nueva construcción y los dos aularios externos al recinto, pero muy próximos, que conformaban la llamada Escuela “Motilla”, y que integraron el Colegio Nacional Mixto nº 2. Ya en abril de 1971 el Pleno Municipal acordó por unanimidad el nombre [&hellip;]</p>
