{"id":153,"date":"2013-12-27T12:25:39","date_gmt":"2013-12-27T12:25:39","guid":{"rendered":"http:\/\/www.infantedonfelipe.es\/contenido\/?page_id=153"},"modified":"2020-02-21T16:25:08","modified_gmt":"2020-02-21T16:25:08","slug":"apoyos-y-coordinacion-externa","status":"publish","type":"page","link":"https:\/\/www.infantedonfelipe.es\/contenido\/apoyos-y-coordinacion-externa\/","title":{"rendered":"Apoyos y Coordinaci\u00f3n Externa"},"content":{"rendered":"<p><strong>Servicios Perif\u00e9ricos de la Consejer\u00eda de Educaci\u00f3n<\/strong><\/p>\n<p>Inspector de Referencia: Don Juan de Dios Rojo G\u00f3mez<\/p>\n<p>&nbsp;<\/p>\n<p><strong>Centros de Educaci\u00f3n Secundaria Obligatoria<\/strong><\/p>\n<p>I.E.S. \u00abOjos del Guadiana\u00bb &#8211; Tel\u00e9fono 926 852 415<\/p>\n<p>I.E.S. \u00abJuan D&#8217;Opazo\u00bb &#8211; Tel\u00e9fono 926 852 166<\/p>\n<p>Colegio Concertado \u00abDivina Pastora\u00bb &#8211; Tel\u00e9fono 926 852 389<\/p>\n<p>Centro de Adultos \u00abMiguel de Cervantes\u00bb &#8211; Tel\u00e9fono 926 260 033<\/p>\n<p>C.E.P.A. \u00abSan Blas\u00bb &#8211; Manzanares &#8211; Tel\u00e9fono 926 611 701<\/p>\n<p>&nbsp;<\/p>\n<p><strong>Escuelas Infantiles<\/strong><\/p>\n<p>Escuela de Educaci\u00f3n Infantil \u00abVirgen de las Cruces\u00bb &#8211; Tel\u00e9fono 926 852 814<\/p>\n<p>Escuela de Educaci\u00f3n Infantil \u00abSancho\u00bb &#8211; Tel\u00e9fono 926 85 26 11<\/p>\n<p>&nbsp;<\/p>\n<p><strong>Centro de Desarrollo Infantil y Atenci\u00f3n Temprana<\/strong><\/p>\n<p>C.D.I.A.T. \u00abDaimiel\u00bb &#8211; Tel\u00e9fono 926 260 806<\/p>\n<p>&nbsp;<\/p>\n<p><strong>Ayuntamiento de Daimiel<\/strong><\/p>\n<p>Ayuntamiento (Centralita) &#8211; Tel\u00e9fono 926 260 600<\/p>\n<p>Concejal\u00eda de Educaci\u00f3n (Centro Cultural Motilla) &#8211; Tel\u00e9fono 926 260 631<\/p>\n<p>Concejal\u00eda de Cultura (Casa de Cultura) &#8211; Tel\u00e9fono 926 260 651<\/p>\n<p>Biblioteca Municipal &#8211; Tel\u00e9fono 926 260 630<\/p>\n<p>Escuela de M\u00fasica y Danza &#8211; Tel\u00e9fono 926 850 400<\/p>\n<p>Museo Comarcal de Daimiel &#8211; Tel\u00e9fono 926 853 479<\/p>\n<p>Concejal\u00eda de Deportes (Pabell\u00f3n Cubierto) &#8211; Tel\u00e9fono 926 851 854<\/p>\n<p>Concejal\u00eda de Bienestar Social (Centro de Servicios Sociales) &#8211; Tel\u00e9fono 926 260 603<\/p>\n<p>Centro de la Mujer &#8211; Tel\u00e9fono 926 260 652<\/p>\n<p>&nbsp;<\/p>\n<p><strong>Sistema de Salud<\/strong><\/p>\n<p>Centro de Salud &#8211; Tel\u00e9fono 926 852 850<\/p>\n<p>Centro de Especialidades &#8211; Tel\u00e9fono 926 260 809<\/p>\n<p>Unidad de Salud Mental Infanto-Juvenil (HGUCR) &#8211; Tel\u00e9fono 926 278 000<\/p>\n<p>&nbsp;<\/p>\n","protected":false},"excerpt":{"rendered":"<p>Servicios Perif\u00e9ricos de la Consejer\u00eda de Educaci\u00f3n Inspector de Referencia: Don Juan de Dios Rojo G\u00f3mez &nbsp; Centros de Educaci\u00f3n Secundaria Obligatoria I.E.S. \u00abOjos del Guadiana\u00bb &#8211; Tel\u00e9fono 926 852 415 I.E.S. \u00abJuan D&#8217;Opazo\u00bb &#8211; Tel\u00e9fono 926 852 166 Colegio Concertado \u00abDivina Pastora\u00bb &#8211; Tel\u00e9fono 926 852 389 Centro de Adultos \u00abMiguel de Cervantes\u00bb &#8211; [&hellip;]<\/p>\n","protected":false},"author":1,"featured_media":0,"parent":0,"menu_order":0,"comment_status":"closed","ping_status":"open","template":"","meta":{"footnotes":""},"_links":{"self":[{"href":"https:\/\/www.infantedonfelipe.es\/contenido\/wp-json\/wp\/v2\/pages\/153"}],"collection":[{"href":"https:\/\/www.infantedonfelipe.es\/contenido\/wp-json\/wp\/v2\/pages"}],"about":[{"href":"https:\/\/www.infantedonfelipe.es\/contenido\/wp-json\/wp\/v2\/types\/page"}],"author":[{"embeddable":true,"href":"https:\/\/www.infantedonfelipe.es\/contenido\/wp-json\/wp\/v2\/users\/1"}],"replies":[{"embeddable":true,"href":"https:\/\/www.infantedonfelipe.es\/contenido\/wp-json\/wp\/v2\/comments?post=153"}],"version-history":[{"count":4,"href":"https:\/\/www.infantedonfelipe.es\/contenido\/wp-json\/wp\/v2\/pages\/153\/revisions"}],"predecessor-version":[{"id":14271,"href":"https:\/\/www.infantedonfelipe.es\/contenido\/wp-json\/wp\/v2\/pages\/153\/revisions\/14271"}],"wp:attachment":[{"href":"https:\/\/www.infantedonfelipe.es\/contenido\/wp-json\/wp\/v2\/media?parent=153"}],"curies":[{"name":"wp","href":"https:\/\/api.w.org\/{rel}","templated":true}]}}

Apoyos y Coordinación Externa

<p><strong>Servicios Periféricos de la Consejería de Educación</strong></p>
<p>Inspector de Referencia: Don Juan de Dios Rojo Gómez</p>
<p>&nbsp;</p>
<p><strong>Centros de Educación Secundaria Obligatoria</strong></p>
<p>I.E.S. «Ojos del Guadiana» &#8211; Teléfono 926 852 415</p>
<p>I.E.S. «Juan D&#8217;Opazo» &#8211; Teléfono 926 852 166</p>
<p>Colegio Concertado «Divina Pastora» &#8211; Teléfono 926 852 389</p>
<p>Centro de Adultos «Miguel de Cervantes» &#8211; Teléfono 926 260 033</p>
<p>C.E.P.A. «San Blas» &#8211; Manzanares &#8211; Teléfono 926 611 701</p>
<p>&nbsp;</p>
<p><strong>Escuelas Infantiles</strong></p>
<p>Escuela de Educación Infantil «Virgen de las Cruces» &#8211; Teléfono 926 852 814</p>
<p>Escuela de Educación Infantil «Sancho» &#8211; Teléfono 926 85 26 11</p>
<p>&nbsp;</p>
<p><strong>Centro de Desarrollo Infantil y Atención Temprana</strong></p>
<p>C.D.I.A.T. «Daimiel» &#8211; Teléfono 926 260 806</p>
<p>&nbsp;</p>
<p><strong>Ayuntamiento de Daimiel</strong></p>
<p>Ayuntamiento (Centralita) &#8211; Teléfono 926 260 600</p>
<p>Concejalía de Educación (Centro Cultural Motilla) &#8211; Teléfono 926 260 631</p>
<p>Concejalía de Cultura (Casa de Cultura) &#8211; Teléfono 926 260 651</p>
<p>Biblioteca Municipal &#8211; Teléfono 926 260 630</p>
<p>Escuela de Música y Danza &#8211; Teléfono 926 850 400</p>
<p>Museo Comarcal de Daimiel &#8211; Teléfono 926 853 479</p>
<p>Concejalía de Deportes (Pabellón Cubierto) &#8211; Teléfono 926 851 854</p>
<p>Concejalía de Bienestar Social (Centro de Servicios Sociales) &#8211; Teléfono 926 260 603</p>
<p>Centro de la Mujer &#8211; Teléfono 926 260 652</p>
<p>&nbsp;</p>
<p><strong>Sistema de Salud</strong></p>
<p>Centro de Salud &#8211; Teléfono 926 852 850</p>
<p>Centro de Especialidades &#8211; Teléfono 926 260 809</p>
<p>Unidad de Salud Mental Infanto-Juvenil (HGUCR) &#8211; Teléfono 926 278 000</p>
<p>&nbsp;</p>

<p>Servicios Periféricos de la Consejería de Educación Inspector de Referencia: Don Juan de Dios Rojo Gómez &nbsp; Centros de Educación Secundaria Obligatoria I.E.S. «Ojos del Guadiana» &#8211; Teléfono 926 852 415 I.E.S. «Juan D&#8217;Opazo» &#8211; Teléfono 926 852 166 Colegio Concertado «Divina Pastora» &#8211; Teléfono 926 852 389 Centro de Adultos «Miguel de Cervantes» &#8211; [&hellip;]</p>
