{"id":19,"date":"2013-04-06T21:43:25","date_gmt":"2013-04-06T21:43:25","guid":{"rendered":"http:\/\/www.infantedonfelipe.es\/contenido\/?page_id=19"},"modified":"2013-04-06T21:45:47","modified_gmt":"2013-04-06T21:45:47","slug":"situacion-del-colegio-accesos-al-centro-docente","status":"publish","type":"page","link":"https:\/\/www.infantedonfelipe.es\/contenido\/situacion-del-colegio-accesos-al-centro-docente\/","title":{"rendered":"Situaci\u00f3n del Colegio &#8211; Accesos al Centro Docente"},"content":{"rendered":"<p>El Colegio P\u00fablico \u00abInfante Don Felipe\u00bb est\u00e1 situado en el noroeste de la ciudad de Daimiel, en la calle Dehesa, esquina con Ronda de Vergara. Se encuentra enfrente del Centro Cultural \u00abMotilla\u00bb, y muy cerca del I.E.S. \u00abOjos del Guadiana\u00bb y del Centro del Agua, y relativamente cerca del Pabell\u00f3n de Deportes y del Recinto Ferial.<\/p>\n<p>El Centro dispone de dos accesos, uno por la Calle Dehesa y otro por la Ronda de Vergara. La entrada de alumnos se realiza por \u00e9ste \u00faltimo acceso debido a que las condiciones de seguridad vial de esta calle as\u00ed lo aconsejan,\u00a0 en evitaci\u00f3n de aglomeraciones y posibles riesgos por la mayor afluencia de tr\u00e1fico en la Calle Dehesa.<\/p>\n<p style=\"text-align: center;\"><a href=\"http:\/\/www.infantedonfelipe.es\/contenido\/wp-content\/uploads\/2013\/04\/Situaci\u00f3n-Colegio5.jpg\"><img loading=\"lazy\" decoding=\"async\" class=\"aligncenter size-full wp-image-73\" title=\"Situaci\u00f3n Colegio\" src=\"http:\/\/www.infantedonfelipe.es\/contenido\/wp-content\/uploads\/2013\/04\/Situaci\u00f3n-Colegio5.jpg\" alt=\"\" width=\"584\" height=\"357\" srcset=\"https:\/\/www.infantedonfelipe.es\/contenido\/wp-content\/uploads\/2013\/04\/Situaci\u00f3n-Colegio5.jpg 584w, https:\/\/www.infantedonfelipe.es\/contenido\/wp-content\/uploads\/2013\/04\/Situaci\u00f3n-Colegio5-300x183.jpg 300w\" sizes=\"(max-width: 584px) 100vw, 584px\" \/><\/a><\/p>\n<p style=\"text-align: center;\">Google Maps<\/p>\n<p style=\"text-align: center;\"><a href=\"http:\/\/www.infantedonfelipe.es\/contenido\/wp-content\/uploads\/2013\/04\/Sat\u00e9lite-Colegio.jpg\"><img loading=\"lazy\" decoding=\"async\" class=\"aligncenter size-full wp-image-70\" title=\"Sat\u00e9lite Colegio\" src=\"http:\/\/www.infantedonfelipe.es\/contenido\/wp-content\/uploads\/2013\/04\/Sat\u00e9lite-Colegio.jpg\" alt=\"\" width=\"503\" height=\"443\" srcset=\"https:\/\/www.infantedonfelipe.es\/contenido\/wp-content\/uploads\/2013\/04\/Sat\u00e9lite-Colegio.jpg 503w, https:\/\/www.infantedonfelipe.es\/contenido\/wp-content\/uploads\/2013\/04\/Sat\u00e9lite-Colegio-300x264.jpg 300w\" sizes=\"(max-width: 503px) 100vw, 503px\" \/><\/a><\/p>\n","protected":false},"excerpt":{"rendered":"<p>El Colegio P\u00fablico \u00abInfante Don Felipe\u00bb est\u00e1 situado en el noroeste de la ciudad de Daimiel, en la calle Dehesa, esquina con Ronda de Vergara. Se encuentra enfrente del Centro Cultural \u00abMotilla\u00bb, y muy cerca del I.E.S. \u00abOjos del Guadiana\u00bb y del Centro del Agua, y relativamente cerca del Pabell\u00f3n de Deportes y del Recinto [&hellip;]<\/p>\n","protected":false},"author":1,"featured_media":0,"parent":0,"menu_order":0,"comment_status":"open","ping_status":"open","template":"","meta":{"footnotes":""},"_links":{"self":[{"href":"https:\/\/www.infantedonfelipe.es\/contenido\/wp-json\/wp\/v2\/pages\/19"}],"collection":[{"href":"https:\/\/www.infantedonfelipe.es\/contenido\/wp-json\/wp\/v2\/pages"}],"about":[{"href":"https:\/\/www.infantedonfelipe.es\/contenido\/wp-json\/wp\/v2\/types\/page"}],"author":[{"embeddable":true,"href":"https:\/\/www.infantedonfelipe.es\/contenido\/wp-json\/wp\/v2\/users\/1"}],"replies":[{"embeddable":true,"href":"https:\/\/www.infantedonfelipe.es\/contenido\/wp-json\/wp\/v2\/comments?post=19"}],"version-history":[{"count":9,"href":"https:\/\/www.infantedonfelipe.es\/contenido\/wp-json\/wp\/v2\/pages\/19\/revisions"}],"predecessor-version":[{"id":72,"href":"https:\/\/www.infantedonfelipe.es\/contenido\/wp-json\/wp\/v2\/pages\/19\/revisions\/72"}],"wp:attachment":[{"href":"https:\/\/www.infantedonfelipe.es\/contenido\/wp-json\/wp\/v2\/media?parent=19"}],"curies":[{"name":"wp","href":"https:\/\/api.w.org\/{rel}","templated":true}]}}

Situación del Colegio &#8211; Accesos al Centro Docente

<p>El Colegio Público «Infante Don Felipe» está situado en el noroeste de la ciudad de Daimiel, en la calle Dehesa, esquina con Ronda de Vergara. Se encuentra enfrente del Centro Cultural «Motilla», y muy cerca del I.E.S. «Ojos del Guadiana» y del Centro del Agua, y relativamente cerca del Pabellón de Deportes y del Recinto Ferial.</p>
<p>El Centro dispone de dos accesos, uno por la Calle Dehesa y otro por la Ronda de Vergara. La entrada de alumnos se realiza por éste último acceso debido a que las condiciones de seguridad vial de esta calle así lo aconsejan,  en evitación de aglomeraciones y posibles riesgos por la mayor afluencia de tráfico en la Calle Dehesa.</p>
<p style="text-align: center;"><a href="http://www.infantedonfelipe.es/contenido/wp-content/uploads/2013/04/Situación-Colegio5.jpg"><img loading="lazy" decoding="async" class="aligncenter size-full wp-image-73" title="Situación Colegio" src="http://www.infantedonfelipe.es/contenido/wp-content/uploads/2013/04/Situación-Colegio5.jpg" alt="" width="584" height="357" srcset="https://www.infantedonfelipe.es/contenido/wp-content/uploads/2013/04/Situación-Colegio5.jpg 584w, https://www.infantedonfelipe.es/contenido/wp-content/uploads/2013/04/Situación-Colegio5-300x183.jpg 300w" sizes="(max-width: 584px) 100vw, 584px" /></a></p>
<p style="text-align: center;">Google Maps</p>
<p style="text-align: center;"><a href="http://www.infantedonfelipe.es/contenido/wp-content/uploads/2013/04/Satélite-Colegio.jpg"><img loading="lazy" decoding="async" class="aligncenter size-full wp-image-70" title="Satélite Colegio" src="http://www.infantedonfelipe.es/contenido/wp-content/uploads/2013/04/Satélite-Colegio.jpg" alt="" width="503" height="443" srcset="https://www.infantedonfelipe.es/contenido/wp-content/uploads/2013/04/Satélite-Colegio.jpg 503w, https://www.infantedonfelipe.es/contenido/wp-content/uploads/2013/04/Satélite-Colegio-300x264.jpg 300w" sizes="(max-width: 503px) 100vw, 503px" /></a></p>

<p>El Colegio Público «Infante Don Felipe» está situado en el noroeste de la ciudad de Daimiel, en la calle Dehesa, esquina con Ronda de Vergara. Se encuentra enfrente del Centro Cultural «Motilla», y muy cerca del I.E.S. «Ojos del Guadiana» y del Centro del Agua, y relativamente cerca del Pabellón de Deportes y del Recinto [&hellip;]</p>
